*2 - 2*a + 4. Let s(d) = c(d) - 4*h(d). Give s(-5).
5
Let n(t) = -5*t**2. Let y(k) = k**3 + k**2 - 3*k - 2. Let i be y(-1). Give n(i).
-5
Let x = -1 + 5. Suppose 4 - 25 = -3*r + 5*t, 0 = -5*r - 4*t + 72. Suppose -2*p - x*a + r = 0, -5*a + 24 = -p - a. Let b(y) = -y**2 - 4*y + 4. Determine b(p).
4
Suppose i - 4 = -i. Let u(y) = -y - 2. What is u(i)?
-4
Let n be (-4)/6 + 26/(-6). Let f(v) = 6*v**3 - 10*v**2 - 6*v + 6. Let o(r) = -r**3 + r**2 + r - 1. Let h(k) = n*o(k) - f(k). Calculate h(5).
4
Let h(c) = -c - 7. Suppose 0 = p - 2*p - 3*y + 13, 4*y - 12 = -p. Let x(l) = 2*l**2 + 4*l + 5. Let j be x(-3). Let m = j - p. Determine h(m).
-2
Let m(s) be the third derivative of 7*s**6/360 + s**4/24 + s**3 + s**2. Let y(k) be the first derivative of m(k). Calculate y(1).
8
Let m(o) = o**3 - 6*o**2 + 3*o + 5. Suppose -2*j - 3*r = -10, -j - 4*r = -5*r - 5. Determine m(j).
-5
Let f(d) = d**2 - 6*d - 7. Suppose 0 = -12*x + 4*x + 48. What is f(x)?
-7
Let q(v) = 5 + v**2 - v - 1 - 4. Let l(j) = 4 - 1 - 2*j - 12. Let h be l(-6). Calculate q(h).
6
Let g(c) = -2*c - 1. Let r(u) = -u**3 - 6*u**2 - 3. Let a be r(-6). Let v(p) = p + 1. Let h(s) = a*v(s) - g(s). Let i = -1 + 5. Give h(i).
-6
Let n(h) = -6*h**3 - h. Suppose -1 - 3 = -2*z. Suppose z*d + 6 = d. Let c = -7 - d. Calculate n(c).
7
Let b(w) = -8*w - 3. Let g(c) = -c. Let i(n) = -b(n) + 4*g(n). Let q be (2/(-4))/(3/(-18)). Suppose 0 = q*r - r + 4. What is i(r)?
-5
Let d(x) = x**2 + 4*x - 3. Let g = 36 - 40. Determine d(g).
-3
Let s(h) = h + 0 + 1 - 1 + 1. Suppose -3*u = 5*q - 15, 3 = 5*u + 2*q - 3. Suppose -2*o + o + 3 = u. Calculate s(o).
4
Let u(q) = q**3 - 5*q**2 - q + 7. Let k be u(5). Let f be 0/(-1) + 7 - k. Let y(a) = -a**2 + 4*a + 5. What is y(f)?
0
Suppose 5*r = -0*r - 20. Let i(y) = -y**2 - 3*y - 1. What is i(r)?
-5
Let n(f) be the third derivative of -f**6/120 + f**5/12 - f**4/4 + 2*f**3/3 - 26*f**2. Determine n(4).
-4
Suppose -5*d + 64 = -d. Let i be (d/(-12))/(1/(-3)). Let o(k) = -5*k**3 + 0*k + 2*k + i*k**3 - 5 - 3*k**2 + k. Calculate o(-4).
-1
Let n(f) = 5*f**3. Let b be n(-1). Let w(p) = -2*p**2 + 2 + 2*p**2 + p**2 + 5 + 7*p. Give w(b).
-3
Suppose 0 = -3*u, 2*h + 5*u + 0*u = 2. Let n(d) = d**2 - 5*d + 5. Let x(p) = -p + 1. Let a(w) = h*x(w) + n(w). Calculate a(5).
1
Let n(t) be the third derivative of -t**5/60 + t**4/12 + t**3/2 - 4*t**2. Suppose 20 = -0*u + 5*u - 5*f, u - 8 = -f. Let q be (-42)/(-9) + (-4)/u. Give n(q).
-5
Let t(z) = -z**2 - 7*z - 6. Let k(v) = v**3 - 5*v**2 + 5*v - 1. Let w be k(4). Suppose -7 + w = u. Calculate t(u).
6
Suppose -5*n - 1 - 1 = -3*t, -2*n + 2*t = 0. Let p(m) = -7*m**2 - 2*m - 1. Give p(n).
-6
Let p(m) = -m**2 + 6*m + 6. Let a be p(5). Suppose -5*w = a + 14. Let x(u) = u**3 + 4*u**2 - 6*u + 5. What is x(w)?
10
Let o(y) = -y**2 - 4*y - 3. Let x = -12 + 8. Give o(x).
-3
Let t(u) = -u + 1. Let w(l) = 6*l + 3. Let k(b) = 3*t(b) + w(b). What is k(-4)?
-6
Let t(g) = g**3 - 5*g**2 + 3*g + 5. Let r(m) = m**3 + 4*m**2 - 8*m - 7. Let q be r(-5). Suppose 0 = -2*c + 4*c - q. Calculate t(c).
1
Let l(a) be the third derivative of a**6/120 - a**5/10 - 3*a**4/8 + 5*a**3/6 - 24*a**2. Calculate l(7).
-9
Let q(c) = 8*c**2 + 4*c - 7. Let d(g) be the first derivative of 3*g**3 + 5*g**2/2 - 8*g - 5. Let p(r) = 5*d(r) - 6*q(r). Give p(2).
-8
Let p be 7*-1 - (-2 + 0). Let d(b) be the third derivative of -b**4/24 - 7*b**3/6 - b**2. Let t be d(p). Let w(a) = 2*a**3 + 3*a**2 + a + 1. What is w(t)?
-5
Let m(y) be the first derivative of y**3/3 - 9*y**2/2 + y - 9. Determine m(7).
-13
Let d = -52 + 46. Let p(q) = -q**3 - 6*q**2 - 2*q - 4. Determine p(d).
8
Let d(y) be the first derivative of -y**4/6 + y**3/6 + y**2 + 4*y - 3. Let b(o) be the first derivative of d(o). Calculate b(2).
-4
Let g(f) = 88*f**2 - 88*f**2 - 7 - f**3. Give g(0).
-7
Let t be ((-2)/(-4))/(1/(-8)). Let b(j) be the third derivative of j**6/120 + j**5/12 + 5*j**4/24 + j**3/6 + 3*j**2. Determine b(t).
-3
Let a = 13 + -8. Let c(z) = 2. Let d(w) = w + 11. Let s(x) = -6*c(x) + d(x). Determine s(a).
4
Let n = -12 - -7. Let z(r) be the second derivative of -r**7/2520 - r**6/240 + r**5/24 + r**4/3 - 4*r. Let k(v) be the third derivative of z(v). Determine k(n).
-5
Let k(i) = i - 12. Let s = -12 - -21. Give k(s).
-3
Suppose 3 = -3*j - 6. Suppose 4*s - 3 = 1. Let h(g) = -3 + g**2 + 0 - s. Give h(j).
5
Let v(d) = d**3 - 5*d**2 - 6*d - 5. Let l be -3*1 + (12 + -2 - 1). Determine v(l).
-5
Suppose 2*u - 5 = -1. Let h(o) = 3*o - 7 + 0*o**2 + 0*o**2 + o**u. Suppose -2 = 2*q + 8. Give h(q).
3
Let g(r) = 7*r**3 - 5*r - 5*r**3 + 3*r**2 - 4 + 0*r**3 - r**3. Give g(-4).
0
Let z(p) = p + 9 - 2*p + 2. What is z(0)?
11
Let h(w) = w + 10. Let x(f) = -f**2 - 2*f + 3. Let o be x(-3). Determine h(o).
10
Suppose 2*m + m = 9. Let k(b) be the second derivative of -3*b**2 + 0 - 3*b + 1/2*b**m. Calculate k(4).
6
Let a(y) = -5 + 4*y**3 + 2 - y**2 - 3*y**3. Calculate a(3).
15
Let k(n) = n**2 - 2*n - 1. Suppose -4 = 3*i - 7*i. Let c be (3/(-4)*-4)/i. Determine k(c).
2
Let h(u) = 3*u**3 - 2*u**2 + u. Suppose 2*k = -k + 5*a - 7, 0 = -2*k - a + 4. Give h(k).
2
Let v(m) = -1 - 3*m**2 - 8*m**3 + 3*m**3 - 6*m**3 + 2*m**2 + m. Calculate v(1).
-12
Suppose -2 = x + x. Let f(z) be the second derivative of -z**7/840 - z**5/120 - z**4/3 + 3*z. Let p(m) be the third derivative of f(m). Calculate p(x).
-4
Let t(o) = 4*o - o**2 - 5*o - 4*o. Calculate t(-5).
0
Let d(w) = -2*w + 4 - w**3 + 3*w - 1311*w**2 + 1314*w**2 - 5*w. What is d(3)?
-8
Let v(g) = g + 7. Let n be (-13)/4 + 15/(-20). Determine v(n).
3
Let f(h) = -2*h**3 + 4*h**2 + 4*h + 17. Let v(k) = 3*k**3 - 5*k**2 - 5*k - 17. Let a(s) = -4*f(s) - 3*v(s). What is a(0)?
-17
Let w(d) = d**2 + 3*d - 9. Let a(u) = 2*u**2 + 7*u - 17. Let t(c) = 4*a(c) - 9*w(c). Calculate t(0).
13
Let q(p) = 1. Let w(v) = 2*v + 3. Let f(g) = -4*q(g) + w(g). Let h be (-2 - 0)/(1/(-2)). What is f(h)?
7
Let k(f) be the first derivative of 1/4*f**4 + 2/3*f**3 + f - 1/2*f**2 - 8. Calculate k(-2).
3
Let m(k) = 1 + k - 5 - 1 + 7. Give m(4).
6
Let b(r) be the first derivative of -r**7/840 - r**6/72 - r**5/30 - 2*r**3/3 + 1. Let c(f) be the third derivative of b(f). Determine c(-3).
-6
Suppose 3*x - 3 = 0, -4*j + 9 = -3*x - 0. Suppose 0*d = d - j. Let h(w) = -w + w + d + 2*w - w**2. Give h(4).
-5
Let y = -91 - -187/2. Let t(g) be the first derivative of -y*g**2 + 1/3*g**3 + 3*g + 1. What is t(3)?
-3
Suppose -17 = m - 5*u, m - 5*u - 1 = -6*u. Let n(g) = -4*g - 2. Determine n(m).
6
Let m(q) be the first derivative of -q**4/4 - 2*q**3/3 - q**2/2 + 1. Suppose 0 = g - 4. Let h = -6 + g. What is m(h)?
2
Let x(l) = -5*l + l**2 - 2*l**2 + 1 - 5. Let q = 25 + -10. Suppose 0 = 6*k - k + q. Determine x(k).
2
Let u(y) be the third derivative of -y**5/60 + 5*y**4/24 + y**3/3 + 2*y**2. Let m(t) = 4 + 3*t**3 + 3*t**2 + 9*t - 4*t**3 - 5*t. Let b be m(4). What is u(b)?
6
Let m(k) be the third derivative of -k**2 - 1/10*k**5 - 1/8*k**4 - 1/120*k**6 + 0 + 0*k - 4/3*k**3. Calculate m(-6).
10
Let g(t) be the first derivative of -5*t**2/2 + t - 13. What is g(2)?
-9
Let z(x) = -2*x - 6. Let h(w) = -1. Let k(v) = 5*h(v) - z(v). What is k(2)?
5
Let r = -17 + 17. Suppose -3*y + 5*y + c = 15, r = 2*c - 2. Let g(z) = z**3 - 7*z**2 + z - 3. What is g(y)?
4
Let j be 0/(-4 + 1) + -2. Let x(a) = -2*a - 3. Give x(j).
1
Let p(l) be the second derivative of l**2 + 0 - l + 1/6*l**3. Give p(-6).
-4
Let x(t) be the first derivative of 5*t**3/3 + t**2/2 - t + 4. Determine x(1).
5
Let r(l) be the first derivative of -1/3*l**3 - 2*l + 7/2*l**2 + 5. Suppose 2*v - 5 = 5. What is r(v)?
8
Suppose 3*o + 2*o = -15. Let d(n) = 3*n**2 + 3*n - 4. Give d(o).
14
Let h be (-1 - -1 - 4)*(-70)/56. Suppose -u = -0*b + b - 7, 2*u = -b + 12. Suppose -h*v - l = -15, b*v = -8*l + 3*l + 29. Let j(o) = 5*o - 3. Calculate j(v).
7
Let a(c) = c + 1. Suppose 0 = -s - n + 6*n - 20, -s - 3*n + 20 = 0. Suppose -10 = -3*j + s. Determine a(j).
6
Let y(i) = -7*i**2 - 2 + 2*i**2 + 2*i**2 + i**3 + i - i**2. Let g = -8 - -15. Suppose -5*k + g = -8, -21 = -5*l - 2*k. What is y(l)?
-8
Let r(f) = -f**2 - 1. Let m(g) = -5*g**2 - 11*g - 14. Let h(o) = -m(o) + 4*r(o). Give h(-9).
-8
Let j(z) = 4*z - 5. Let r(y) = 5*y - 6. Let c(p) = 6*j(p) - 5*r(p). Give c(3).
-3
Suppose -7*s = -2*s, -4 = 4*n + 2*s. Suppose -3*z + 4*j + 